0390.
19
Calculate the remainder when 4800501 is divided by 2400195.
111
Calculate the remainder when 10856814 is divided by 13.
7
Calculate the remainder when 9713421 is divided by 1618903.
3
Calculate the remainder when 125426 is divided by 61764.
1898
What is the remainder when 269689 is divided by 4743?
4081
Calculate the remainder when 95428 is divided by 1268.
328
What is the remainder when 9780297 is divided by 176?
153
Calculate the remainder when 4795009 is divided by 197.
29
What is the remainder when 2275066 is divided by 560?
346
What is the remainder when 64066 is divided by 10562?
694
Calculate the remainder when 14416230 is divided by 5250.
4980
What is the remainder when 154092 is divided by 3578?
238
What is the remainder when 182382 is divided by 321?
54
What is the remainder when 171600677 is divided by 995?
987
What is the remainder when 611196 is divided by 69?
63
Calculate the remainder when 86783 is divided by 1851.
1637
Calculate the remainder when 9426 is divided by 439.
207
Calculate the remainder when 44260498 is divided by 15.
13
What is the remainder when 124424187 is divided by 26804?
19
What is the remainder when 1431630 is divided by 8275?
55
Calculate the remainder when 8678490 is divided by 11.
7
What is the remainder when 436389 is divided by 79?
72
What is the remainder when 285986 is divided by 71?
69
Calculate the remainder when 18846 is divided by 6137.
435
What is the remainder when 1007142 is divided by 1007121?
21
What is the remainder when 224866 is divided by 74854?
304
What is the remainder when 156307 is divided by 26038?
79
What is the remainder when 8872876 is divided by 492937?
10
What is the remainder when 151294 is divided by 25209?
40
What is the remainder when 2138849 is divided by 1733?
327
Calculate the remainder when 538472 is divided by 95.
12
What is the remainder when 4579599 is divided by 1693?
34
Calculate the remainder when 359757 is divided by 127.
93
What is the remainder when 6852607 is divided by 143?
47
Calculate the remainder when 37016178 is divided by 12338725.
3
What is the remainder when 292852 is divided by 169?
144
Calculate the remainder when 802615 is divided by 400991.
633
What is the remainder when 1267654 is divided by 211052?
1342
Calculate the remainder when 2193997 is divided by 42.
1
Calculate the remainder when 19269734 is divided by 922.
856
What is the remainder when 3009788 is divided by 511?
509
Calculate the remainder when 372213048 is divided by 110.
108
Calculate the remainder when 6743633 is divided by 2738.
2677
What is the remainder when 156870 is divided by 280?
70
What is the remainder when 172165 is divided by 570?
25
Calculate the remainder when 54228 is divided by 368.
132
What is the remainder when 67846409 is divided by 7?
1
What is the remainder when 138182 is divided by 68532?
1118
Calculate the remainder when 39898 is divided by 5858.
4750
Calculate the remainder when 53734241 is divided by 111251.
8
What is the remainder when 15425704 is divided by 291051?
1
Calculate the remainder when 24230750 is divided by 68.
38
Calculate the remainder when 768314 is divided by 60.
14
Calculate the remainder when 58970586 is divided by 107.
104
What is the remainder when 159272 is divided by 79429?
414
Calculate the remainder when 2923124 is divided by 974332.
128
What is the remainder when 116543 is divided by 25074?
16247
Calculate the remainder when 35904 is divided by 1371.
258
Calculate the remainder when 63355 is divided by 3227.
2042
Calculate the remainder when 222492 is divided by 73891.
819
What is the remainder when 1295207 is divided by 1467?
1313
Calculate the remainder when 3662802 is divided by 126.
108
What is the remainder when 1619005 is divided by 6476?
5
Calculate the remainder when 9652614 is divided by 185627.
10
What is the remainder when 93609 is divided by 8452?
637
Calculate the remainder when 20875047 is divided by 282.
279
Calculate the remainder when 6049288 is divided by 479.
476
Calculate the remainder when 3463592 is divided by 213.
212
Calculate the remainder when 736072309 is divided by 1397.
1391
Calculate the remainder when 5338907 is divided by 695.
612
What is the remainder when 456621 is divided by 2842?
1901
What is the remainder when 9280498 is divided by 300?
298
What is the remainder when 24389 is divided by 1166?
1069
What is the remainder when 2579330 is divided by 537?
119
Calculate the remainder when 228598658 is divided by 7572.
7550
Calculate the remainder when 1471674 is divided by 367917.
6
What is the remainder when 36350 is divided by 42?
20
What is the remainder when 2035806 is divided by 251?
196
Calculate the remainder when 38634 is divided by 643.
54
What is the remainder when 115621 is divided by 38539?
4
Calculate the remainder when 1585723 is divided by 132143.
7
Calculate the remainder when 1198455 is divided by 1286.
1189
Calculate the remainder when 4302278 is divided by 2151104.
70
What is the remainder when 187734 is divided by 2346?
54
Calculate the remainder when 5810263 is divided by 1073.
1041
What is the remainder when 131361834 is divided by 36?
30
Calculate the remainder when 391708 is divided by 39169.
18
Calculate the remainder when 785741 is divided by 785736.
5
Calculate the remainder when 2633 is divided by 1110.
413
What is the remainder when 78731165 is divided by 148?
49
What is the remainder when 5265020 is divided by 1755003?
11
What is the remainder when 6329512 is divided by 944?
936
What is the remainder when 6779324 is divided by 21?
20
What is the remainder when 1163400 is divided by 387796?
12
Calculate the remainder when 38619 is divided by 7658.
329
Calculate the remainder when 17917716 is divided by 309.
42
What is the remainder when 648313 is divided by 18514?
323
What is the remainder when 396172 is divided by 719?
3
Calculate the remainder when 880511 is divided by 293440.
191
Calculate the remainder when 10580401 is divided by 189.
181
Calculate the remainder when 834890 is divided by 477.
140
What is the remainder when 543006 is divided by 17516?
10
What is the remainder when 6736378 is divided by 612396?
22
What is the remainder when 45135634 is divided by 245?
19
Calculate the remainder when 11607325 is divided by 76.
73
Calculate the remainder when 11792321 is divided by 503.
492
What is the remainder when 47731095 is divided by 1835811?
9
Calculate the remainder when 83181683 is divided by 83.
79
What is the remainder when 24188820 is divided by 44?
40
What is the remainder when 6693469 is divided by 8?
5
Calculate the remainder when 354189 is divided by 1067.
1012
What is the remainder when 52662 is divided by 17513?
123
What is the remainder when 89402 is divided by 29756?
134
What is the remainder when 68470739 is divided by 8558842?
3
What is the remainder when 4324447 is divided by 139498?
9
Calculate the remainder when 10829 is divided by 762.
161
Calculate the remainder when 934144 is divided by 466245.
1654
Calculate the remainder when 544823 is divided by 323.
245
What is the remainder when 212249 is divided by 212222?
27
Calculate the remainder when 98741 is divided by 3738.
1553
What is the remainder when 44085358 is divided by 495341?
9
What is the remainder when 815498 is divided by 67956?
26
Calculate the remainder when 5553851 is divided by 634.
11
What is the remainder when 25375547 is divided by 293?
282
What is the remainder when 412420 is divided by 1393?
92
What is the remainder when 3277988 is divided by 5106?
5042
Calculate the remainder when 220171 is divided by 237.
235
Calculate the remainder when 323867 is divided by 1009.
987
What is the remainder when 143496 is divided by 1543?
1540
What is the remainder when 206141 is divided by 110?
1
Calculate the remainder when 417413 is divided by 415337.
2076
Calculate the remainder when 5849837 is divided by 2000.
1837
Calculate the remainder when 2489965807 is divided by 76.
75
Calculate the remainder when 187303 is divided by 1108.
51
Calculate the remainder when 3252081 is divided by 810.
741
What is the remainder when 54578 is divided by 390?
368
Calculate the remainder when 327394347 is divided by 11530.
11527
Calculate the remainder when 442873 is divided by 167.
156
What is t